the units digit of o?
9
Suppose -2*v = -4*i + 3*i - 137, 5*i + 64 = v. What is the tens digit of v?
6
Suppose -h + 28 = 5*b, 0*h - 5*b = -3*h + 64. Suppose 5*i - i = 12, 4*o - h = -i. What is the units digit of o?
5
Let z = 31 + -16. Suppose 5 = 4*s - z. Suppose -o + 41 = s*h, 4*h + 3*o = 7 + 17. What is the units digit of h?
9
Suppose -153 = -5*q + 2*c, -3*c + 12 = 2*q - 34. What is the tens digit of q?
2
Let n(b) = -3*b - 8. Let c be n(-6). Let k(z) = 0 - 7*z + z**2 - 22 + 8. What is the units digit of k(c)?
6
Suppose -7*v - 2 = -8*v. What is the units digit of (-3)/(v/(208/(-12)))?
6
Suppose 0*y - 124 = -4*k - 2*y, 2*k = 5*y + 38. What is the units digit of k?
9
Suppose -4*z = 2*r - 206, -128 = -2*z + 3*r - 5. What is the tens digit of z?
5
Let q be (1/2)/((-1)/(-4)). Suppose q*m - 1 = 7. What is the units digit of m?
4
Let h(v) = -3*v - 4. Suppose 3*d = i - 2*i + 20, 0 = 5*d + 5*i - 50. Suppose -4 - 16 = d*p. What is the units digit of h(p)?
8
Suppose 3*t - 12 = -t. Suppose 2*l + t*s = -l + 12, 4*l + s = 31. What is the units digit of l?
9
Suppose -22 = -o - o. Suppose -4*y - m = -o, -3*m = -y + 2*m - 13. Suppose 10 = -r + 3*r + y*h, 5*h = 5*r + 5. What is the units digit of r?
2
Suppose 0*g = 8*g - 664. What is the units digit of g?
3
Let q(j) = 3*j**2 + 2*j - 2. Let h be (-2)/(-1)*(1 - 2). What is the units digit of q(h)?
6
Let f(s) = -s**3 + 4*s**2 + 4*s + 5. Let b be f(5). Suppose -5 = -v - b. Suppose 0*i = -3*i + 4*h + 35, v*i - 68 = -3*h. What is the tens digit of i?
1
Let o(y) = 26*y**3 - 2*y**2 + 5*y - 3. What is the tens digit of o(2)?
0
Let j = 3 + -2. Suppose -3*t = 7 - j, h - 18 = 2*t. What is the tens digit of h?
1
Let l(o) = 2*o - 2. Let u(p) = -p + 3. Let v be u(-5). What is the units digit of l(v)?
4
Let g(k) = -k - 1. Let m(l) = l**2 - 7*l - 4. Let a be m(7). Let c = -9 - a. What is the units digit of g(c)?
4
Let n(k) = -k**3 - 12*k**2 - 13*k - 9. What is the tens digit of n(-11)?
1
Suppose 2*v - 14 = 4*f, -v - 2*f = 2*v - 13. Suppose 0 = 5*x + 5*h + v + 15, h = 3*x + 12. Let t = -3 - x. What is the units digit of t?
1
Suppose -5*g + 2*c = -4, 2 + 0 = -3*g - c. Let n = g + 3. What is the units digit of n?
3
Suppose l - 81 = -36. What is the tens digit of l?
4
Suppose 2*o - 16 = -4. Suppose 16 = o*m - 2*m. What is the units digit of m?
4
Let y(p) = -p**3 + 13*p**2 + 16. What is the units digit of y(13)?
6
Let a(q) = q - 3. Let u be a(5). Suppose -k = u*k + 18. Let z(n) = -n**2 - 6*n + 3. What is the units digit of z(k)?
3
Suppose -5*d + 4*s + 372 = 0, -4*d + 2*s = -53 - 241. Suppose 4*k + 4*y - d = 0, 5*y + 53 = 2*k + 17. What is the tens digit of k?
1
Let u = -85 + 130. What is the tens digit of u?
4
Let o(f) be the second derivative of f**5/20 + f**4/3 - 2*f**3/3 - f**2/2 + f. Let n be o(-4). Let v = n + -11. What is the units digit of v?
4
Let i be -1 + 0 + (-3 - -3). Let m(w) = 1. Let k(t) = 7*t. Let z(g) = -k(g) - m(g). What is the units digit of z(i)?
6
Let l be 24*((-2)/(-2) + 0). Let a be 1/(-4) + (-138)/l. What is the units digit of a/(-27) - (-50)/18?
3
Let w = -3 - 5. Let p(b) = -b**2 - 7*b + 8. Let d be p(w). Suppose a = -d*a + 4. What is the units digit of a?
4
Suppose -8*j = -12*j + 208. What is the units digit of j?
2
Suppose 4*j - 118 = -2*y, y = 2*j + 6*y - 79. Suppose t = j + 33. Suppose 4*x + t = 8*x. What is the tens digit of x?
1
Let z be 13/5 + (-12)/(-30). What is the tens digit of 1 + 1 + (z - -46)?
5
Let h(x) be the third derivative of -x**4/24 + x**3/3 + 2*x**2. Let v be h(3). What is the units digit of v - 1 - (0 + -5)?
3
Let y(n) = n**2 - 5*n + 1. Let z be y(13). Let s = -73 + z. What is the units digit of s?
2
Suppose -c + 2 = c. Suppose -2*u = 5*h + 13, 0 = -4*u - u - 2*h - c. What is the units digit of (-1)/(12/14 - u)?
7
Let s(d) = 2*d**2 - 9*d - 2. What is the tens digit of s(7)?
3
Suppose 2*r - 128 = -2*r + 4*j, 5*j - 136 = -3*r. What is the units digit of r?
7
Suppose -2*v + 1 = -53. What is the units digit of v?
7
Let q = -291 - -420. What is the units digit of q?
9
Let o be (-3)/(-6)*72/4. Suppose -4*p + o = -k - 0*p, 3*k + p = 12. What is the units digit of k?
3
Let b(h) = h - 2. Let w(x) = x**2 - 4*x. Let c be w(6). Let g = c + -5. What is the units digit of b(g)?
5
Let j(d) be the second derivative of d**5/20 - 7*d**4/12 - 2*d**3/3 - 3*d**2/2 + 7*d. What is the tens digit of j(8)?
2
Suppose 0 = -m + 4*w + 16 - 46, -3*m = -3*w + 108. What is the tens digit of (-1)/((-36)/m - 1)?
1
Suppose 0 = 3*u + 2*u + 3*l - 25, -5*l = -5*u + 25. Suppose b = -4*b + u. What is the units digit of ((-2)/5)/(b/(-5))?
2
Suppose -x - 4*d = -39 + 4, 0 = -4*x - 5*d + 162. What is the tens digit of x?
4
Let f(m) = m**3 - 4*m**2 - 6*m - 5. Let r be f(5). Let c = 16 + r. Let t(u) = 2*u**2 - 10*u + 6. What is the units digit of t(c)?
8
Suppose 2*v - 10 = -3*v. Suppose -5*y = 4*x - 0 - 35, -3*y = -3*x + 6. Suppose -3*m - y*a = -v*a - 35, -4*a = m - 19. What is the units digit of m?
1
Let s(z) be the second derivative of z**4/6 + z**3/6 + 2*z**2 - 8*z. What is the units digit of s(-3)?
9
Let o(u) = u**3 - u**2 + u. Let x(h) = 3*h**3 + 2*h**2 - 4*h - 4. Let k(g) = -2*o(g) + x(g). Let r be k(-5). Let t = r + 1. What is the units digit of t?
2
Let m = 3 + 2. Suppose 0*n = -m*n - 10. What is the units digit of (-2)/n*(-12)/(-2)?
6
Let p be (11 - 4)/(-1 + 2). Suppose 0*m - 3*m - p = -4*v, 3*v = -3*m. What is the units digit of v?
1
Suppose l = 2*l - 5. Let o be 6/(6/2) + -2. Suppose -9 - 9 = -5*z + w, o = -z - l*w - 12. What is the units digit of z?
3
Let w = 12 - 9. Suppose -w*u = u - 112. What is the tens digit of u?
2
Let k = 218 - 93. What is the hundreds digit of k?
1
Let t = -133 + 189. What is the units digit of t?
6
Let q(f) = f**3 + f**2 - 2*f - 6. What is the tens digit of q(4)?
6
Let r be ((-10)/(-4))/(3/(-48)). Let m = -25 - r. What is the units digit of m?
5
Suppose 5*w = -10, -382 = 3*y - 6*y + 5*w. What is the hundreds digit of y?
1
Suppose -2*l + 23 = -17. Suppose 5*z = -3*d - l, -d + 4*z + 2 = 3. Let c = -4 - d. What is the units digit of c?
1
What is the tens digit of 0 + 3/3 - -87?
8
Suppose 4*s - 81 = -3*t, -3*t - 20 = 2*s - 59. What is the tens digit of 471/s + 6/(-14)?
2
Let u(h) = h. Let q be u(0). Suppose -4*y + 2*f = -4, q*f = 3*y + f - 8. Suppose n = y - 0. What is the units digit of n?
2
Suppose 0*y + f = 5*y - 406, f = -5*y + 414. Suppose 3*q - y = 35. What is the tens digit of q?
3
Suppose -3*a = -9, 0*r + r - 5*a - 21 = 0. What is the tens digit of r?
3
Suppose 14 = 3*k - 22. Suppose 4*r + 0 = k. Suppose -5*m - 17 = -2*x, r*x + 4*m - 57 = m. What is the tens digit of x?
1
Suppose -3*i - 15 = b + 9, 5*b = 5*i - 60. What is the units digit of (-3)/(-2) + b/(-6)?
4
Let d = -6 + 0. Let f = d - -15. Let c = -4 + f. What is the units digit of c?
5
Let k(p) = p**2 + 9*p - 8. Let t be k(-9). Let j(b) = -b. Let w be j(-8). Let r = w - t. What is the units digit of r?
6
Let b = 5 - 3. Let w be 20*(3/4)/3. Suppose -2*f = -4*z + 2*f, 12 = -b*z + w*f. What is the units digit of z?
4
Let d(r) = -r**3 - 2*r**2 + 7*r + 6. Let g be d(-5). Suppose -3*h + g = -20. What is the tens digit of h?
2
Let u(j) = 0*j**2 + 0*j**2 - 10*j + j**2 + 5 + 0. Let f be u(12). Let v = f + -16. What is the units digit of v?
3
Let w = 4 - 2. Suppose w*q = 6 + 2. Suppose 4*b = -5*d + 6*d + 6, 7 = -b - q*d. What is the units digit of b?
1
Suppose 73 = -4*y + 5*y. Let f = y + -49. What is the tens digit of f?
2
Let f = -4 + -7. What is the units digit of (f - 4)/(3/(-4))?
0
Suppose 10*s - 9*s = 27. What is the tens digit of s?
2
Let t(p) = -p**3 + 10*p**2 + 11*p + 12. Let q = -19 + 30. What is the tens digit of t(q)?
1
Let n(g) = 0*g**2 + 3 + g + 0*g**2 + g**2. What is the units digit of n(0)?
3
Suppose 4*y = -5*m + 577, -23 = 4*m - 5*y - 501. What is the hundreds digit of m?
1
Let p(x) = -4*x**2 - 7*x - 6. Let y(s) = -5*s**2 - 7*s - 6. Let a(c) = -3*p(c) + 2*y(c). What is the tens digit of a(-5)?
2
Let c be (-1)/((-1)/7) - -1. Suppose -21 = -3*p - 2*d, d + 12 = 3*p - 0*p. What is the units digit of (0 + c/p)*5?
8
Suppose -3*p = -5*p + 72. What is the tens digit of p?
3
Let k be 126/26 + (-2)/(-13). Suppose -k*t = -174 - 11. What is the tens digit of t?
3
Let c(z) = 2*z**2 - 8*z - 1. Let g(d) = -3*d**2 + 8*d. Let v(q) = -4*c(